
{"id":13,"date":"2022-04-20T14:38:56","date_gmt":"2022-04-20T12:38:56","guid":{"rendered":"http:\/\/mespetitesvisites.fr\/?page_id=13"},"modified":"2022-05-06T12:46:42","modified_gmt":"2022-05-06T10:46:42","slug":"accueil","status":"publish","type":"page","link":"https:\/\/mespetitesvisites.fr\/","title":{"rendered":"Accueil"},"content":{"rendered":"\n<blockquote class=\"wp-block-quote has-text-align-right is-layout-flow wp-block-quote-is-layout-flow\"><p>\u00ab\u00a0Quand on aime la vie, on aime le pass\u00e9 parce que c&rsquo; est le pr\u00e9sent tel qu&rsquo; il a surv\u00e9cu dans la m\u00e9moire humaine.\u00a0\u00bb<\/p><cite>Marguerite Yourcenar<\/cite><\/blockquote>\n\n\n\n<div id=\"guide\" class=\"wp-block-image separateur\"><figure class=\"aligncenter size-full\"><img loading=\"lazy\" decoding=\"async\" width=\"957\" height=\"77\" src=\"http:\/\/mespetitesvisites.fr\/wp-content\/uploads\/2022\/04\/bandeau-prestations-visites-morbihan.png\" alt=\"\" class=\"wp-image-185\" title=\"guide\" srcset=\"https:\/\/mespetitesvisites.fr\/wp-content\/uploads\/2022\/04\/bandeau-prestations-visites-morbihan.png 957w, https:\/\/mespetitesvisites.fr\/wp-content\/uploads\/2022\/04\/bandeau-prestations-visites-morbihan-300x24.png 300w, https:\/\/mespetitesvisites.fr\/wp-content\/uploads\/2022\/04\/bandeau-prestations-visites-morbihan-768x62.png 768w, https:\/\/mespetitesvisites.fr\/wp-content\/uploads\/2022\/04\/bandeau-prestations-visites-morbihan-920x74.png 920w, https:\/\/mespetitesvisites.fr\/wp-content\/uploads\/2022\/04\/bandeau-prestations-visites-morbihan-230x19.png 230w, https:\/\/mespetitesvisites.fr\/wp-content\/uploads\/2022\/04\/bandeau-prestations-visites-morbihan-350x28.png 350w, https:\/\/mespetitesvisites.fr\/wp-content\/uploads\/2022\/04\/bandeau-prestations-visites-morbihan-480x39.png 480w\" sizes=\"auto, (max-width: 957px) 100vw, 957px\" \/><\/figure><\/div>\n\n\n\n<div class=\"wp-block-columns is-layout-flex wp-container-core-columns-is-layout-28f84493 wp-block-columns-is-layout-flex\">\n<div class=\"wp-block-column is-layout-flow wp-block-column-is-layout-flow\" style=\"flex-basis:33.33%\">\n<p>     <\/p>\n\n\n\n<div class=\"wp-block-image\"><figure class=\"aligncenter size-full is-resized\"><img loading=\"lazy\" decoding=\"async\" src=\"http:\/\/mespetitesvisites.fr\/wp-content\/uploads\/2022\/04\/typhaine-orgebin.jpg\" alt=\"typhaine Orgebin\" class=\"wp-image-9\" width=\"317\" height=\"317\" srcset=\"https:\/\/mespetitesvisites.fr\/wp-content\/uploads\/2022\/04\/typhaine-orgebin.jpg 317w, https:\/\/mespetitesvisites.fr\/wp-content\/uploads\/2022\/04\/typhaine-orgebin-300x300.jpg 300w, https:\/\/mespetitesvisites.fr\/wp-content\/uploads\/2022\/04\/typhaine-orgebin-150x150.jpg 150w\" sizes=\"auto, (max-width: 317px) 100vw, 317px\" \/><\/figure><\/div>\n<\/div>\n\n\n\n<div class=\"wp-block-column is-layout-flow wp-block-column-is-layout-flow\" style=\"flex-basis:66.66%\">\n<h2 class=\"has-text-align-left soulignegauche wp-block-heading\">Guide <strong>et accompagnatrice<\/strong><\/h2>\n\n\n\n<p>Guide Touristique et Guide Accompagnatrice, passionn\u00e9e, curieuse et chaleureuse, je vous accueille pour partir ensemble \u00e0 la d\u00e9couverte de notre belle Bretagne.<br><br>J\u2019aime raconter l\u2019Histoire et les petites histoires, vous livrer les secrets d\u2019une pierre, partager avec vous une anecdote croustillante.<br><br>Le patrimoine est un formidable \u00e9clairage sur la vie, le quotidien des femmes et des hommes. Partons \u00e0 sa rencontre et savourons- le en toute convivialit\u00e9.<\/p>\n\n\n\n<p><strong>Alors, sans h\u00e9siter, entrez en curiosit\u00e9, entrez en Bretagne&nbsp;!<\/strong><\/p>\n<\/div>\n<\/div>\n\n\n\n<div id=\"lieuxvisites\" class=\"wp-block-image separateur\"><figure class=\"aligncenter size-full\"><img loading=\"lazy\" decoding=\"async\" width=\"957\" height=\"77\" src=\"http:\/\/mespetitesvisites.fr\/wp-content\/uploads\/2022\/04\/bandeau-lieux-visites-1.png\" alt=\"\" class=\"wp-image-180\" srcset=\"https:\/\/mespetitesvisites.fr\/wp-content\/uploads\/2022\/04\/bandeau-lieux-visites-1.png 957w, https:\/\/mespetitesvisites.fr\/wp-content\/uploads\/2022\/04\/bandeau-lieux-visites-1-300x24.png 300w, https:\/\/mespetitesvisites.fr\/wp-content\/uploads\/2022\/04\/bandeau-lieux-visites-1-768x62.png 768w, https:\/\/mespetitesvisites.fr\/wp-content\/uploads\/2022\/04\/bandeau-lieux-visites-1-920x74.png 920w, https:\/\/mespetitesvisites.fr\/wp-content\/uploads\/2022\/04\/bandeau-lieux-visites-1-230x19.png 230w, https:\/\/mespetitesvisites.fr\/wp-content\/uploads\/2022\/04\/bandeau-lieux-visites-1-350x28.png 350w, https:\/\/mespetitesvisites.fr\/wp-content\/uploads\/2022\/04\/bandeau-lieux-visites-1-480x39.png 480w\" sizes=\"auto, (max-width: 957px) 100vw, 957px\" \/><\/figure><\/div>\n\n\n\n<h2 class=\"has-text-align-center souligne wp-block-heading\">Les visites <strong>en Morbihan<\/strong><\/h2>\n\n\n\n<p class=\"has-text-align-center\"><strong>En Bretagne Sud&nbsp;!<\/strong><br>Sur les sentiers, sur les chemins, sur l\u2019eau, <br>dans le Golfe du Morbihan ou sur la Mor Braz, <br>dans les villes, dans les villages, dans les hameaux\u2026<\/p>\n\n\n\n<p class=\"has-text-align-center\"><strong>Nous d\u00e9couvrirons ensemble&nbsp;:<\/strong><br>Le golfe&nbsp;du Morbihan et ses \u00eeles&nbsp;: l\u2019\u00eele d\u2019Arz, l\u2019\u00eele aux moines, l\u2019\u00eele Berder, l\u2019\u00eele Tascon, les sentiers des douaniers.<br>La vieille ville de Vannes,&nbsp; le port de Saint Goustan \u00e0 Auray<br>La presqu\u2019\u00eele de Rhuys, le petit port du Logeo, Les villages traditionnels<br>La presqu\u2019\u00eele de Quiberon, Carnac, La Trinit\u00e9 sur Mer<br>L\u2019enclos paroissial de Gu\u00e9henno<\/p>\n\n\n\n<p class=\"has-text-align-center\" style=\"font-size:18px\"><strong>A la carte ou sur mesure, &#8230;..<\/strong><br>A vous de choisir :<\/p>\n\n\n\n<div class=\"wp-block-columns is-layout-flex wp-container-core-columns-is-layout-28f84493 wp-block-columns-is-layout-flex\">\n<div class=\"wp-block-column is-layout-flow wp-block-column-is-layout-flow\">\n<div class=\"wp-block-image activites\"><figure class=\"aligncenter size-full\"><img loading=\"lazy\" decoding=\"async\" width=\"99\" height=\"99\" src=\"http:\/\/mespetitesvisites.fr\/wp-content\/uploads\/2022\/04\/picto-visite-guidee-fdvert.png\" alt=\"Visites guidees Morbihan Sud\" class=\"wp-image-237\"\/><\/figure><\/div>\n\n\n\n<h4 class=\"has-text-align-center wp-block-heading\">Visites Guid\u00e9es<\/h4>\n\n\n\n<p class=\"has-text-align-center\"><em>Pour tous&nbsp;!<\/em><\/p>\n\n\n\n<p class=\"has-text-align-center justifier\">C\u2019est un moment privil\u00e9gi\u00e9 pour rencontrer&nbsp;une ville, un lieu, une \u00eele et&nbsp; comprendre ses habitants, son histoire, son patrimoine. Alors, partons ensemble pour ce petit voyage en curiosit\u00e9.<\/p>\n<\/div>\n\n\n\n<div class=\"wp-block-column is-layout-flow wp-block-column-is-layout-flow\">\n<div class=\"wp-block-image activites\"><figure class=\"aligncenter size-full\"><img loading=\"lazy\" decoding=\"async\" width=\"99\" height=\"99\" src=\"http:\/\/mespetitesvisites.fr\/wp-content\/uploads\/2022\/04\/p-jeux-de-pistes-fdvert.png\" alt=\"Jeux de piste\" class=\"wp-image-238\"\/><\/figure><\/div>\n\n\n\n<h4 class=\"has-text-align-center wp-block-heading\">Jeux de piste<\/h4>\n\n\n\n<p class=\"has-text-align-center\"><em>Scolaires, Famille, Cousinade, Amis.<\/em><\/p>\n\n\n\n<p class=\"justifier\">Passer un bon moment, d\u00e9couvrir un lieu de fa\u00e7on ludique, apprendre un peu de son histoire et&nbsp; savourer son patrimoine.<\/p>\n\n\n\n<p class=\"justifier\">Tout commence par une une histoire inspir\u00e9e du lieu, de ses habitants et de nos l\u00e9gendes bretonnes. Et qui sait ? A la fin, vous trouverez, peut-\u00eatre un tr\u00e9sor. <\/p>\n<\/div>\n<\/div>\n\n\n\n<div class=\"wp-block-columns is-layout-flex wp-container-core-columns-is-layout-28f84493 wp-block-columns-is-layout-flex\">\n<div class=\"wp-block-column is-layout-flow wp-block-column-is-layout-flow\">\n<div class=\"wp-block-image activites\"><figure class=\"aligncenter size-full\"><img loading=\"lazy\" decoding=\"async\" width=\"99\" height=\"99\" src=\"http:\/\/mespetitesvisites.fr\/wp-content\/uploads\/2022\/04\/p-visites-privees-fdvert.png\" alt=\"Visites priv\u00e9es et \u00e0 la carte\" class=\"wp-image-239\"\/><\/figure><\/div>\n\n\n\n<h4 class=\"has-text-align-center wp-block-heading\">Visites priv\u00e9es<\/h4>\n\n\n\n<p class=\"has-text-align-center\"><em>En couple, en famille ou entre amis. <\/em><\/p>\n\n\n\n<p class=\"justifier\">Guidage sur mesure pour particuliers, pour 1h30, \u00e0 la demi-journ\u00e9e ou \u00e0 la journ\u00e9e.&nbsp;&nbsp;&nbsp;&nbsp;&nbsp;&nbsp;&nbsp;&nbsp;&nbsp;&nbsp;&nbsp;&nbsp;&nbsp;&nbsp;&nbsp;&nbsp;<\/p>\n\n\n\n<p class=\"justifier\">Les visites en famille sont tr\u00e8s ludiques et adapt\u00e9es \u00e0 tous les \u00e2ges des membres de votre tribu.&nbsp;&nbsp;&nbsp;&nbsp;<\/p>\n<\/div>\n\n\n\n<div class=\"wp-block-column is-layout-flow wp-block-column-is-layout-flow\">\n<div class=\"wp-block-image activites\"><figure class=\"aligncenter size-full\"><img loading=\"lazy\" decoding=\"async\" width=\"99\" height=\"99\" src=\"http:\/\/mespetitesvisites.fr\/wp-content\/uploads\/2022\/04\/p-balade-contee.png\" alt=\"\" class=\"wp-image-280\"\/><\/figure><\/div>\n\n\n\n<h4 class=\"has-text-align-center wp-block-heading\">Balades cont\u00e9es<\/h4>\n\n\n\n<p class=\"has-text-align-center\"><em>Pour tous<\/em><\/p>\n\n\n\n<p class=\"justifier\">La Bretagne est riche de contes et l\u00e9gendes. Je serais enchant\u00e9e de vous raconter ces histoires qui parlent des hommes et des femmes d\u2019hier et d\u2019aujourd\u2019hui, de leurs histoires, de leurs croyances et de leurs traditions.<\/p>\n<\/div>\n<\/div>\n\n\n\n<div class=\"wp-block-columns is-layout-flex wp-container-core-columns-is-layout-28f84493 wp-block-columns-is-layout-flex\">\n<div class=\"wp-block-column is-layout-flow wp-block-column-is-layout-flow\">\n<div class=\"wp-block-image activites\"><figure class=\"aligncenter size-full\"><img loading=\"lazy\" decoding=\"async\" width=\"99\" height=\"99\" src=\"https:\/\/mespetitesvisites.fr\/wp-content\/uploads\/2022\/05\/p-balade-pedagogique-ludique-1.png\" alt=\"balade p\u00e9dagogique et ludique\" class=\"wp-image-295\"\/><\/figure><\/div>\n\n\n\n<h4 class=\"has-text-align-center wp-block-heading\">Balade ludique et p\u00e9dagogique<\/h4>\n\n\n\n<p class=\"has-text-align-center\"><em>En couple, en famille ou entre amis. <\/em><\/p>\n\n\n\n<p class=\"justifier\">Pour raconter de fa\u00e7on ludique et dans la bonne humeur les richesses naturelles, patrimoniales, historiques, humaines du lieu o\u00f9 l\u2019on se trouve.&nbsp;&nbsp;&nbsp;&nbsp;&nbsp;&nbsp;&nbsp;&nbsp;&nbsp;&nbsp;&nbsp;&nbsp;&nbsp;&nbsp;&nbsp;<\/p>\n<\/div>\n\n\n\n<div class=\"wp-block-column is-layout-flow wp-block-column-is-layout-flow\">\n<div class=\"wp-block-image activites\"><figure class=\"aligncenter size-full\"><img loading=\"lazy\" decoding=\"async\" width=\"99\" height=\"99\" src=\"http:\/\/mespetitesvisites.fr\/wp-content\/uploads\/2022\/04\/p-evenementiel-fdvert.png\" alt=\"Evennementiel Morbihan\" class=\"wp-image-236\"\/><\/figure><\/div>\n\n\n\n<h4 class=\"has-text-align-center wp-block-heading\">Ev\u00e8nementiel<\/h4>\n\n\n\n<p class=\"has-text-align-center\"><em>Prestation sur mesure<\/em><\/p>\n\n\n\n<p class=\"justifier\">Avec un petit grain de fantaisie, de la passion, le plaisir de partager ses connaissances et beaucoup de s\u00e9rieux<strong>, <\/strong>presque tout peut s\u2019imaginer&nbsp;: Visite th\u00e9matique, racontage, visite express, atelier patrimoine, chasse au tr\u00e9sor, jeu de piste\u2026<\/p>\n<\/div>\n<\/div>\n","protected":false},"excerpt":{"rendered":"<p>\u00ab\u00a0Quand on aime la vie, on aime le pass\u00e9 parce que c&rsquo; est le pr\u00e9sent tel qu&rsquo; il a surv\u00e9cu dans la [&hellip;]<\/p>\n","protected":false},"author":3,"featured_media":8,"parent":0,"menu_order":0,"comment_status":"closed","ping_status":"closed","template":"page-templates\/page_front-page.php","meta":{"footnotes":""},"class_list":["post-13","page","type-page","status-publish","has-post-thumbnail","hentry"],"_links":{"self":[{"href":"https:\/\/mespetitesvisites.fr\/index.php\/wp-json\/wp\/v2\/pages\/13","targetHints":{"allow":["GET"]}}],"collection":[{"href":"https:\/\/mespetitesvisites.fr\/index.php\/wp-json\/wp\/v2\/pages"}],"about":[{"href":"https:\/\/mespetitesvisites.fr\/index.php\/wp-json\/wp\/v2\/types\/page"}],"author":[{"embeddable":true,"href":"https:\/\/mespetitesvisites.fr\/index.php\/wp-json\/wp\/v2\/users\/3"}],"replies":[{"embeddable":true,"href":"https:\/\/mespetitesvisites.fr\/index.php\/wp-json\/wp\/v2\/comments?post=13"}],"version-history":[{"count":95,"href":"https:\/\/mespetitesvisites.fr\/index.php\/wp-json\/wp\/v2\/pages\/13\/revisions"}],"predecessor-version":[{"id":302,"href":"https:\/\/mespetitesvisites.fr\/index.php\/wp-json\/wp\/v2\/pages\/13\/revisions\/302"}],"wp:featuredmedia":[{"embeddable":true,"href":"https:\/\/mespetitesvisites.fr\/index.php\/wp-json\/wp\/v2\/media\/8"}],"wp:attachment":[{"href":"https:\/\/mespetitesvisites.fr\/index.php\/wp-json\/wp\/v2\/media?parent=13"}],"curies":[{"name":"wp","href":"https:\/\/api.w.org\/{rel}","templated":true}]}}